MONTHLY CLIMATOLOGICAL SUMMARY for lug 2023 NAME: Malga Picotera ELEV: 1038 metri LAT: 46-01.32 N LONG: 012-22.30 E TEMPERATURE (°C), RAIN (mm), WIND SPEED (km/h) HEAT COOL AVG MEAN DEG DEG WIND DOM DAY TEMP HIGH TIME LOW TIME DAYS DAYS RAIN SPEED HIGH TIME DIR --------------------------------------------------------------------------------------- 01 14,3 16,8 15:48 12,8 06:05 4,0 0,0 17,2 0,0 11,3 13:10 214 02 15,9 20,8 17:12 12,5 01:19 2,5 0,0 14,0 0,2 16,1 14:36 221 03 16,1 18,2 14:29 11,9 23:59 2,2 0,0 10,0 0,1 12,9 23:20 68 04 16,1 22,3 15:08 11,3 06:12 2,3 0,0 8,6 0,7 17,7 15:07 269 05 15,7 21,1 16:17 9,8 02:53 2,6 0,0 22,2 1,3 19,3 16:38 292 06 14,8 19,5 16:37 11,2 04:12 3,5 0,0 15,8 1,2 12,9 05:36 20 07 16,2 21,6 16:50 11,7 04:54 2,2 0,0 0,0 1,1 19,3 13:47 219 08 18,0 23,1 16:57 14,2 01:32 0,4 0,0 0,0 0,9 16,1 13:46 218 09 19,9 25,1 17:10 16,1 00:05 0,0 1,6 0,0 0,7 12,9 13:06 220 10 20,9 25,8 16:42 17,1 06:06 0,0 2,6 0,0 0,6 12,9 13:18 223 11 21,3 24,8 13:34 18,7 05:52 0,0 3,0 0,0 0,6 14,5 12:07 221 12 18,5 22,6 14:35 14,4 11:20 0,0 0,2 32,2 1,2 61,2 05:30 348 13 16,9 21,9 13:41 13,0 04:20 1,4 0,0 26,8 0,7 25,7 01:32 347 14 18,1 23,3 17:09 13,8 03:34 0,3 0,0 0,0 0,9 16,1 15:07 213 15 19,0 24,3 16:14 14,7 05:44 0,0 0,7 0,0 1,0 17,7 15:52 225 16 21,2 25,5 16:53 17,7 06:29 0,0 2,8 0,0 0,8 16,1 12:50 219 17 21,9 26,3 15:43 19,2 05:35 0,0 3,6 0,0 0,5 14,5 15:57 218 18 21,7 26,8 15:41 18,4 21:39 0,0 3,4 0,6 1,0 17,7 14:35 251 19 20,7 25,4 16:45 15,6 22:30 0,0 2,4 4,2 0,9 16,1 16:05 289 20 20,5 25,8 16:33 16,5 01:06 0,0 2,2 0,0 1,1 14,5 12:57 275 21 17,5 21,5 11:31 12,7 14:42 0,8 0,0 24,8 0,9 30,6 14:04 4 22 16,6 21,2 15:20 12,3 03:43 1,7 0,0 0,0 0,9 16,1 15:26 265 23 18,1 22,7 15:48 13,9 04:19 0,3 0,0 0,0 0,9 17,7 13:59 218 24 17,0 20,3 09:45 13,4 21:17 1,4 0,0 25,6 1,0 24,1 20:25 24 25 15,7 20,1 13:33 12,0 23:58 2,6 0,0 36,4 1,3 22,5 06:43 18 26 13,7 18,3 14:10 9,8 06:42 4,6 0,0 1,0 0,9 17,7 12:37 339 27 13,2 18,5 16:03 8,6 03:10 5,2 0,0 0,2 0,5 19,3 14:43 214 28 15,6 17,9 15:36 13,3 06:19 2,7 0,0 0,0 0,2 14,5 12:12 219 29 17,4 21,6 15:29 13,7 06:09 0,9 0,0 6,6 0,5 22,5 15:14 219 30 16,7 20,8 15:54 13,2 07:00 1,6 0,0 6,2 0,6 16,1 13:13 218 31 17,9 23,2 15:59 14,3 00:00 0,4 0,0 0,0 1,0 24,1 16:05 267 --------------------------------------------------------------------------------------- 17,6 26,8 18 8,6 27 43,6 22,3 252,4 0,8 61,2 12 243 Updated: 01/08/2023 00:00:00