MONTHLY CLIMATOLOGICAL SUMMARY for nov 2023 NAME: Malga Picotera ELEV: 1038 metri LAT: 46-01.32 N LONG: 012-22.30 E TEMPERATURE (°C), RAIN (mm), WIND SPEED (km/h) HEAT COOL AVG MEAN DEG DEG WIND DOM DAY TEMP HIGH TIME LOW TIME DAYS DAYS RAIN SPEED HIGH TIME DIR --------------------------------------------------------------------------------------- 01 6,7 9,8 11:54 3,6 05:32 11,6 0,0 0,0 0,1 9,7 12:18 18 02 8,9 12,2 20:38 6,4 07:42 9,4 0,0 105,6 2,5 54,7 16:50 218 03 5,3 9,7 00:00 1,0 22:47 13,0 0,0 20,4 0,5 33,8 10:45 198 04 3,8 7,3 14:40 0,6 01:57 14,5 0,0 12,8 0,3 12,9 11:13 238 05 7,3 10,3 10:23 3,5 04:14 11,0 0,0 24,4 0,3 17,7 02:07 314 06 6,6 10,4 12:56 4,1 03:24 11,8 0,0 8,6 0,3 14,5 12:44 283 07 6,7 11,0 14:29 3,9 23:58 11,6 0,0 0,8 0,2 12,9 14:09 249 08 5,0 9,6 14:22 2,3 23:58 13,4 0,0 0,0 1,2 12,9 11:26 218 09 4,2 7,2 13:49 1,4 05:54 14,1 0,0 3,8 0,4 9,7 10:18 211 10 4,8 6,8 13:32 3,4 03:16 13,5 0,0 8,4 0,1 9,7 15:24 10 11 3,0 7,2 14:17 0,2 21:39 15,4 0,0 0,0 0,6 14,5 12:42 3 12 2,7 7,3 14:52 -0,1 02:24 15,6 0,0 0,0 0,2 11,3 13:16 9 13 3,3 6,2 13:14 0,8 00:06 15,1 0,0 0,0 0,2 12,9 13:06 233 14 5,3 8,1 13:31 2,3 06:08 13,1 0,0 0,0 0,1 9,7 11:06 216 15 9,7 14,4 14:22 5,7 01:40 8,6 0,0 0,0 0,3 14,5 11:12 342 16 6,1 10,8 10:35 3,3 23:58 12,2 0,0 0,0 0,2 11,3 10:35 360 17 6,1 11,6 11:52 2,1 04:14 12,2 0,0 0,0 0,3 17,7 12:47 289 18 4,6 9,8 13:09 1,6 03:57 13,8 0,0 0,0 0,2 11,3 10:56 12 19 3,7 7,8 15:01 1,1 23:59 14,6 0,0 0,0 0,2 12,9 11:22 224 20 3,5 7,0 11:24 0,9 01:54 14,9 0,0 0,0 0,0 8,0 10:55 222 21 5,6 8,2 12:13 3,1 23:51 12,7 0,0 0,0 0,1 14,5 11:39 334 22 4,9 9,1 14:57 1,6 04:34 13,4 0,0 0,0 0,2 11,3 12:16 246 23 6,0 10,5 15:09 2,0 05:25 12,3 0,0 0,0 0,2 11,3 13:16 3 24 3,4 5,8 10:28 0,8 17:51 14,9 0,0 0,0 0,2 17,7 21:25 234 25 0,6 3,4 13:32 -2,1 21:33 17,8 0,0 0,0 0,8 22,5 01:30 332 26 0,6 5,2 14:34 -1,8 23:33 17,8 0,0 0,0 0,3 14,5 11:27 223 27 0,0 2,7 11:10 -2,2 01:24 18,3 0,0 0,2 0,1 11,3 21:57 222 28 1,0 3,4 12:33 -0,6 07:47 17,3 0,0 3,6 0,1 17,7 18:42 348 29 0,4 3,2 14:05 -2,2 07:38 17,9 0,0 0,0 0,4 22,5 13:21 222 30 1,2 3,7 23:53 -0,9 06:35 17,1 0,0 22,2 0,0 4,8 00:40 N/A --------------------------------------------------------------------------------------- 4,4 14,4 15 -2,2 29 418,7 0,0 210,8 0,4 54,7 02 235 Updated: 01/12/2023 00:00:00