MONTHLY CLIMATOLOGICAL SUMMARY for dic 2023 NAME: Malga Picotera ELEV: 1038 metri LAT: 46-01.32 N LONG: 012-22.30 E TEMPERATURE (°C), RAIN (mm), WIND SPEED (km/h) HEAT COOL AVG MEAN DEG DEG WIND DOM DAY TEMP HIGH TIME LOW TIME DAYS DAYS RAIN SPEED HIGH TIME DIR --------------------------------------------------------------------------------------- 01 6,2 8,5 16:50 3,0 00:50 12,1 0,0 39,6 0,7 29,0 16:36 218 02 4,7 8,6 01:36 -0,8 22:23 13,7 0,0 7,0 1,7 22,5 01:30 11 03 -2,4 0,8 14:07 -5,0 23:08 20,7 0,0 4,6 0,6 16,1 12:39 335 04 -2,9 -0,8 13:27 -5,4 04:33 21,3 0,0 0,0 0,0 8,0 16:55 N/A 05 0,5 2,1 14:49 -1,3 00:00 17,8 0,0 2,4 0,0 1,6 00:13 N/A 06 1,4 4,2 13:20 -0,4 20:49 16,9 0,0 0,0 0,1 8,0 10:56 208 07 1,2 4,8 10:05 -1,8 23:07 17,1 0,0 0,0 0,3 12,9 13:57 221 08 -0,7 1,2 11:58 -2,3 01:55 19,0 0,0 0,0 0,0 8,0 13:18 225 09 0,5 3,8 13:52 -1,6 00:21 17,8 0,0 0,0 0,1 9,7 11:21 220 10 3,1 9,3 15:02 -1,2 07:31 15,2 0,0 2,4 0,1 9,7 14:29 211 11 2,7 4,8 14:00 1,3 08:09 15,6 0,0 0,0 0,0 4,8 12:53 202 12 3,7 6,7 14:49 1,4 01:58 14,6 0,0 0,0 0,0 8,0 13:42 202 13 4,0 5,4 04:44 1,8 23:48 14,3 0,0 27,2 0,0 6,4 12:39 22 14 3,7 9,2 14:03 0,9 03:54 14,6 0,0 0,2 0,3 9,7 13:08 358 15 3,0 7,7 14:46 -1,0 23:01 15,4 0,0 0,0 0,2 12,9 14:06 292 16 0,5 4,3 12:51 -1,6 04:16 17,8 0,0 0,0 0,1 8,0 13:49 213 17 7,5 14,0 12:55 -1,2 01:08 10,8 0,0 0,0 0,2 8,0 12:33 349 18 10,7 15,4 13:32 7,9 01:42 7,6 0,0 0,0 0,2 6,4 11:06 22 19 9,7 14,7 13:38 5,8 22:58 8,6 0,0 0,0 0,2 9,7 13:55 21 20 5,5 7,8 15:45 3,3 17:37 12,9 0,0 0,0 0,0 6,4 21:13 9 21 3,1 6,3 10:22 0,3 22:03 15,2 0,0 0,0 0,1 14,5 10:14 215 22 6,8 9,9 14:36 1,9 00:00 11,6 0,0 0,0 0,6 25,7 05:54 302 23 9,6 13,7 13:10 6,0 03:16 8,7 0,0 0,0 0,2 12,9 13:40 217 24 8,5 13,7 10:48 3,8 23:51 9,8 0,0 0,0 0,1 12,9 02:59 339 25 4,8 7,3 12:51 3,6 02:04 13,5 0,0 0,0 0,0 9,7 12:48 225 26 3,9 4,4 12:44 2,1 23:54 14,5 0,0 0,0 0,0 1,6 11:44 N/A 27 2,6 4,0 12:32 1,4 23:25 15,7 0,0 0,0 0,0 6,4 11:43 225 28 2,5 3,7 13:50 0,9 21:01 15,8 0,0 0,0 0,0 6,4 02:22 221 29 2,2 5,3 14:26 -0,3 05:09 16,2 0,0 0,0 0,2 14,5 13:13 222 30 2,7 6,3 13:11 0,4 06:01 15,7 0,0 0,0 0,2 11,3 14:19 219 31 3,8 5,3 20:49 1,2 00:44 14,5 0,0 21,6 0,2 19,3 23:23 225 --------------------------------------------------------------------------------------- 3,7 15,4 18 -5,4 04 455,1 0,0 105,0 0,2 29,0 01 244 Updated: 01/01/2024 00:00:00