MONTHLY CLIMATOLOGICAL SUMMARY for feb 2024 NAME: Malga Picotera ELEV: 1038 metri LAT: 46-01.32 N LONG: 012-22.30 E TEMPERATURE (°C), RAIN (mm), WIND SPEED (km/h) HEAT COOL AVG MEAN DEG DEG WIND DOM DAY TEMP HIGH TIME LOW TIME DAYS DAYS RAIN SPEED HIGH TIME DIR --------------------------------------------------------------------------------------- 01 5,3 8,7 16:40 2,8 07:20 13,0 0,0 0,0 0,1 6,4 19:33 14 02 5,3 8,3 10:30 2,9 18:11 13,0 0,0 0,0 0,2 9,7 11:29 233 03 11,0 16,8 16:11 4,4 00:00 7,3 0,0 0,0 0,3 8,0 13:06 275 04 9,2 12,3 10:11 6,4 05:54 9,1 0,0 0,0 0,4 9,7 10:33 337 05 5,2 11,9 02:03 1,4 23:59 13,1 0,0 0,0 0,1 11,3 05:36 216 06 3,0 4,8 12:36 1,1 00:26 15,4 0,0 0,0 0,1 8,0 10:38 272 07 2,9 3,8 12:58 2,3 09:03 15,4 0,0 0,0 0,0 6,4 02:51 208 08 2,7 4,0 09:33 0,7 07:26 15,6 0,0 0,2 0,1 8,0 11:06 208 09 4,9 5,6 18:16 3,5 00:00 13,5 0,0 35,6 1,0 29,0 13:30 216 10 4,9 5,8 10:45 4,1 23:49 13,4 0,0 38,4 0,2 12,9 14:01 232 11 4,5 5,7 11:23 3,8 23:58 13,8 0,0 12,0 0,0 6,4 11:43 254 12 2,9 6,6 15:21 1,4 19:19 15,4 0,0 17,4 0,1 9,7 15:21 279 13 4,6 8,8 14:33 1,7 02:02 13,8 0,0 0,2 0,5 16,1 12:55 226 14 4,1 8,0 16:14 1,1 06:59 14,3 0,0 0,0 0,3 12,9 12:45 222 15 6,5 10,4 12:53 2,8 00:13 11,8 0,0 0,0 0,2 9,7 13:33 211 16 6,4 10,3 14:45 3,6 07:10 11,9 0,0 0,0 0,3 11,3 13:05 216 17 8,6 12,2 14:37 4,5 03:38 9,8 0,0 0,0 0,1 9,7 12:29 211 18 7,6 10,8 13:59 5,1 19:18 10,7 0,0 0,0 0,3 20,9 14:29 221 19 6,3 10,0 10:41 4,3 20:03 12,0 0,0 0,0 0,2 9,7 15:46 217 20 5,6 9,9 15:41 2,9 23:49 12,7 0,0 0,0 0,5 20,9 15:42 222 21 4,7 9,2 14:43 1,4 06:53 13,6 0,0 0,0 0,5 17,7 13:18 219 22 3,5 4,4 11:53 2,8 13:55 14,8 0,0 8,6 0,1 12,9 15:25 218 23 3,3 4,4 12:57 1,8 23:27 15,0 0,0 89,0 1,9 41,8 07:10 223 24 2,4 5,8 13:56 0,0 05:32 15,9 0,0 0,8 0,1 16,1 12:54 221 25 2,5 5,3 15:35 1,2 18:56 15,8 0,0 2,4 0,0 9,7 10:08 206 26 1,9 4,4 15:23 0,0 04:49 16,5 0,0 12,4 0,2 8,0 23:19 11 27 4,5 6,1 20:19 1,8 01:58 13,8 0,0 50,8 2,0 20,9 18:46 17 28 6,4 8,3 16:10 5,3 06:23 11,9 0,0 25,2 0,4 12,9 01:20 16 29 7,9 9,9 12:01 5,8 00:00 10,5 0,0 0,2 0,5 11,3 04:01 16 --------------------------------------------------------------------------------------- 5,1 16,8 03 0,0 24 382,9 0,0 293,2 0,4 41,8 23 240 Updated: 01/03/2024 00:00:00