MONTHLY CLIMATOLOGICAL SUMMARY for apr 2024 NAME: Malga Picotera ELEV: 1038 metri LAT: 46-01.32 N LONG: 012-22.30 E TEMPERATURE (°C), RAIN (mm), WIND SPEED (km/h) HEAT COOL AVG MEAN DEG DEG WIND DOM DAY TEMP HIGH TIME LOW TIME DAYS DAYS RAIN SPEED HIGH TIME DIR --------------------------------------------------------------------------------------- 01 7,4 9,2 03:52 3,8 23:00 11,0 0,0 31,0 0,6 27,4 11:15 219 02 4,5 7,8 13:44 1,6 06:26 13,8 0,0 9,6 0,4 14,5 18:39 20 03 5,3 8,6 14:36 3,3 02:13 13,1 0,0 8,4 0,0 11,3 10:38 216 04 6,7 10,7 17:23 3,2 03:25 11,6 0,0 0,0 0,3 14,5 12:39 230 05 8,3 9,8 17:15 5,6 04:37 10,1 0,0 0,0 0,0 6,4 11:44 225 06 9,5 11,3 09:59 6,8 04:54 8,9 0,0 0,0 0,0 11,3 10:23 221 07 13,9 18,8 16:58 7,8 06:39 4,5 0,0 0,4 0,4 8,0 12:32 214 08 14,4 17,6 09:12 10,0 23:59 3,9 0,0 0,0 0,1 9,7 10:57 220 09 12,1 15,9 15:10 9,1 06:11 6,2 0,0 0,0 0,3 14,5 15:21 219 10 9,9 11,6 01:17 8,3 18:57 8,4 0,0 11,2 1,6 19,3 18:59 20 11 12,0 17,0 17:07 7,7 02:51 6,3 0,0 0,0 0,3 12,9 15:45 222 12 14,3 19,5 15:29 10,5 06:48 4,0 0,0 0,0 0,4 17,7 15:57 220 13 15,6 21,5 15:30 11,5 02:56 2,7 0,0 0,0 0,7 17,7 13:27 220 14 15,9 20,7 17:12 12,4 06:50 2,4 0,0 0,0 0,6 17,7 13:51 216 15 13,6 16,2 11:31 10,2 23:52 4,8 0,0 0,0 0,3 14,5 17:16 218 16 7,4 13,2 11:50 1,3 23:55 11,0 0,0 23,6 1,3 20,9 15:47 29 17 3,2 7,4 14:50 -0,3 04:43 15,2 0,0 0,6 0,2 8,0 11:28 18 18 2,3 4,2 09:37 0,6 12:13 16,0 0,0 6,2 0,2 11,3 09:40 15 19 2,9 8,2 16:17 -0,7 06:15 15,4 0,0 0,2 0,3 16,1 14:20 269 20 4,4 10,1 14:46 0,8 02:54 13,9 0,0 0,2 0,4 25,7 16:05 221 21 3,1 6,2 12:47 -0,2 06:56 15,3 0,0 0,0 0,3 14,5 12:30 227 22 1,4 4,4 12:39 -0,3 22:37 16,9 0,0 1,8 0,1 19,3 10:49 272 23 1,9 4,9 13:38 -0,2 00:00 16,4 0,0 13,8 1,2 19,3 11:39 21 24 1,9 4,1 14:30 0,4 23:58 16,4 0,0 8,8 0,0 14,5 14:16 1 25 1,4 4,4 16:25 -0,6 06:04 17,0 0,0 2,2 0,1 12,9 12:25 222 26 3,6 7,2 16:48 0,5 02:57 14,8 0,0 0,2 0,3 17,7 13:35 219 27 5,0 8,7 14:08 2,4 02:40 13,3 0,0 3,0 0,4 20,9 12:32 219 28 8,9 14,3 15:36 5,0 00:00 9,4 0,0 0,0 0,6 16,1 15:57 228 29 13,3 19,7 16:12 7,3 00:01 5,0 0,0 0,0 0,9 14,5 12:21 253 30 16,2 21,7 16:03 12,9 02:34 2,1 0,0 0,0 1,4 19,3 10:49 8 --------------------------------------------------------------------------------------- 8,0 21,7 30 -0,7 19 309,7 0,0 121,2 0,5 27,4 01 291 Updated: 01/05/2024 00:00:00